= -53 - r. What are the prime factors of f?
3, 11
Suppose 0 = 6*m + 654 - 3462. List the prime factors of (m - 0)*(-7)/(-14).
2, 3, 13
Let k be 1 + (-8 - (2 + 0)). Suppose -10*y - 22*y + 160 = 0. List the prime factors of k*(-1)/3 + y.
2
Let g be (-3 - -2)/(33/1122). Let z(j) = -2*j**2 - 94*j + 13. What are the prime factors of z(g)?
3, 13, 23
Suppose -741 = -12*c - c. Let y(l) = -10 + c*l - 5*l - 3*l + 10*l. What are the prime factors of y(2)?
2, 3
Let w be 180/(-7) - 19/(1463/22). Let d = 39 + w. List the prime factors of d.
13
Suppose -12*o + 62443 = -11813. Suppose 0 = -5*g + 2*f + o, -4*f = g + f - 1216. What are the prime factors of g?
2, 3, 103
Suppose z + 23 = 2*z + 4*f, -3*z + 2*f + 27 = 0. Suppose 1 = 2*y - z. Suppose y*o - 465 = o. What are the prime factors of o?
3, 31
Let u(x) = -8*x - 45. Let n be u(-6). Suppose n*k = -2*k + 435. List the prime factors of k.
3, 29
Let m be (-310 + 5)*2*3/(-6). List the prime factors of 2 + m + -4 - 4.
13, 23
Suppose n - 704 = -0*n. Let t(h) = 153*h + 475. Let y be t(-2). Suppose 0 = -3*p + 2*p + 3*x + y, 5*x = 4*p - n. What are the prime factors of p?
181
Suppose 167*f + 1244245 = 312*f. List the prime factors of f.
8581
Let c be 15/(-9) + 158376/72. Suppose -c = -2*b - 90*j + 88*j, 0 = 3*b + j - 3295. What are the prime factors of b?
2, 3, 61
Let t(h) = -h**3 + 29*h**2 - 31*h + 1. Let j be t(28). Let c = j - -155. List the prime factors of c.
2, 3
Suppose 11*q - 40560 = 3*q. Suppose 0*k - 5100 = -5*y - 5*k, q = 5*y - 5*k. What are the prime factors of y?
3, 113
Let x = 173 + -171. What are the prime factors of (1 - 5) + 279 + x + 1?
2, 139
Let z(f) = 1457*f - 96. What are the prime factors of z(5)?
7, 13, 79
Let m(n) = 21*n**2 - 3*n - 12. Let p(w) = -20*w**2 + 3*w + 11. Let a(t) = -4*m(t) - 5*p(t). What are the prime factors of a(4)?
3, 79
Let w = 45 - 38. Suppose -61 = 3*z - w. List the prime factors of 4/z + 652/18.
2, 3
Let j = 137 - 135. Suppose 0 = 4*o + 20, -w + j*o + 526 = w. What are the prime factors of w?
2, 3, 43
Suppose 48*p - 56*p + 233832 = 16*p. What are the prime factors of p?
9743
Let z(q) = -9*q**2 + 11*q - 10. Let o(t) = 10*t**2 - 12*t + 11. Let r(u) = -3*o(u) - 4*z(u). What are the prime factors of r(5)?
3, 13
Let p = -7817 + 12034. List the prime factors of p.
4217
Let q(h) = 32*h + 3. Let t = 25 + -24. Let k be q(t). Suppose 120 = j - k. What are the prime factors of j?
5, 31
Suppose -2*k + 0*k - 5*v = 16, 5*k - v - 14 = 0. Let q be (-14536)/64 + k/16. Let m = -151 - q. List the prime factors of m.
2, 19
Let a = -34 - -19. Let h be (1 + 0)*(-5)/((-25)/a). What are the prime factors of (7338/(-14))/h + (-64)/(-224)?
5, 7
Suppose 5*f = 2*m + 3 + 6, -5*f + 4*m + 13 = 0. Let d be f/2 + 6/4. What are the prime factors of d/11 - (-2764)/44?
3, 7
Let s be 22 + -2 + (1 + 1)*1. Suppose 17*u - s*u + 240 = 0. Let w = 46 + u. What are the prime factors of w?
2, 47
Let k(q) = -2*q**3 + 21*q**2 - 22*q - 16. Let u be k(10). Let x = 843 - u. What are the prime factors of x?
11, 89
Let g = 94 - 69. Suppose -6*q = -g - 47. Suppose q*p - 780 = 1512. What are the prime factors of p?
191
Let a(r) be the first derivative of 28*r**3 - 3*r - 33 + 3/2*r**2. List the prime factors of a(1).
2, 3, 7
Let t = -48 + 21. Let d(m) = 14*m + 23. Let k(p) = 183*p + 300. Let v(i) = t*d(i) + 2*k(i). What are the prime factors of v(-6)?
3, 17
Suppose 0 = 4*s - g - 867, 21*g + 456 = 2*s + 25*g. List the prime factors of s.
2, 109
Suppose 16858 = 3*n + 2*s - 15431, -5*n - 5*s = -53815. List the prime factors of n.
47, 229
Suppose 10*b - 959 = -229. List the prime factors of b.
73
Let y be (4/(-12))/(3/(-5337)). Let j = y - 262. What are the prime factors of j?
331
Let f be (1 - 1)/(6/6). Let y be (9 - 11) + (4 - f). Suppose u + 51 = y*w - 30, 78 = 2*w - 2*u. What are the prime factors of w?
2, 3, 7
Let l be ((-3)/4)/(-1) - (-208)/64. Suppose -25 = 5*y + 5*m, 0 = -0*y - l*y - 3*m - 19. What are the prime factors of (18/4 + y)/(1/248)?
2, 31
Let x(m) = 430*m - 18. Suppose 0 = 16*d - 11*d - 15. What are the prime factors of x(d)?
2, 3, 53
Let z = 3599 - -7631. What are the prime factors of z?
2, 5, 1123
Suppose -25*l + 15*l = 0. Suppose l = 3*k - 12, 0 = z + 5*k - 0*k - 50. List the prime factors of z.
2, 3, 5
Let a = 60698 + -40924. List the prime factors of a.
2, 9887
Let l(o) be the third derivative of 19*o**5/60 + 5*o**4/24 + 8*o**3/3 + o**2 + 14*o. What are the prime factors of l(-4)?
2, 3, 5
What are the prime factors of (-8319*(-16)/72)/((-2)/(-6))?
2, 47, 59
Let k(s) = -12*s**3 + s**2 - 4*s - 16. Let o be k(-2). Let c = -103 + 329. Let j = c - o. What are the prime factors of j?
2, 67
Suppose -y + 23 = -3*x, -5*y + 18 + 2 = 4*x. Let p(h) = 14*h - 55. What are the prime factors of p(y)?
3, 19
Let d(s) = 57*s**2 - 11*s - 117. Let t be d(15). Suppose -13*v + t = -10441. What are the prime factors of v?
2, 13, 17
Suppose 85*y - 84*y = 60. Suppose 10*j - 12*j = -y. Suppose 6 = -2*l + 4*h + j, 4*l - 38 = -2*h. What are the prime factors of l?
2, 5
Let p(c) = c**3 - 2*c**2 + 5*c - 7. Let l be p(2). Suppose 2*w = -3*w + 1040. Suppose -l*b + 4*g = -w, -4*b + 174 + 108 = -3*g. What are the prime factors of b?
2, 3
Let c be (-36)/(-162) - 122/(-18). Suppose -4*h = 16, -c*h + 2*h - 147 = -p. List the prime factors of p.
127
Let i = 2931 + -1155. List the prime factors of i.
2, 3, 37
Suppose 0 = 2*g + v - 20, 0 = -2*g - g + 2*v + 30. Let k be (1/(6/g))/(2/6). Let m(b) = 8*b**2 + b + 16. What are the prime factors of m(k)?
13, 17
Let w(q) = 8*q + 30. Let u(o) = -9*o - 31. Let t(k) = 3*u(k) + 4*w(k). Let i be t(-8). Let l(g) = 2*g**2 + 19*g + 22. What are the prime factors of l(i)?
113
Suppose 4*v + 0*v - 24 = -5*k, 3*k = 4*v + 8. Suppose -5*m - k = -7*m. Suppose g - 6*z - 39 = -2*z, -57 = -g - m*z. List the prime factors of g.
3, 17
What are the prime factors of (-75)/(-50)*(-1279960)/(-30)*2/4?
11, 2909
Suppose -x + 5*w - 81 = -1, 4*x = 5*w - 335. Let r = x - -500. What are the prime factors of r?
5, 83
Suppose 0 = -4*i + 3*a + 57001, -3*a + 14269 = 13*i - 12*i. List the prime factors of i.
2, 7127
Let a(o) = -223*o - 361. Let t be a(8). What are the prime factors of ((-180)/(-27) - 8)*t/2?
2, 5, 11, 13
Let h be 12/3 - (10 - 3). List the prime factors of h/((-3702)/(-618) + -6).
3, 103
Suppose 33 = -3*d - 45. What are the prime factors of (-1608)/d - (-16)/(-520)*-5?
2, 31
Let u(a) be the second derivative of 2*a**2 + a + 13/3*a**3 + 0. List the prime factors of u(1).
2, 3, 5
Suppose -3*f = -0*f - 9. What are the prime factors of -460*(f/(-2) - -1) - -5?
5, 47
Suppose 1393 = 3*s + 2*q, 0 = s - 4*q + 7*q - 469. Suppose 3*x - 278 - 169 = 3*w, -s = -3*x - 5*w. What are the prime factors of x?
151
Suppose 39*d - 260027 = 103. What are the prime factors of d?
2, 5, 23, 29
Let d = 18334 + 10194. List the prime factors of d.
2, 1783
Let u = 3261 + 4259. List the prime factors of u.
2, 5, 47
Suppose -7*s = 7*s - 70. Suppose 5*d + 1171 = s*m - 64, -10 = -2*d. List the prime factors of m.
2, 3, 7
Let b(l) = -37*l + 24. What are the prime factors of b(-30)?
2, 3, 7
Suppose 51*p - 35*p = 58032 + 7904. List the prime factors of p.
13, 317
Let k be (0/(-3 + 7))/(-1). Suppose -18*q + 30*q - 4812 = k. What are the prime factors of q?
401
Suppose 0 = 43*b - 37*b. Let q be (b - (1 + 6))/(2/20). Let v = q + 72. List the prime factors of v.
2
Let o be (5/30 + 2/6)*12. Let x(m) = -6*m**2 - 3*m + 291. Let i(r) = -2*r**2 - r + 97. Let g(v) = o*x(v) - 17*i(v). What are the prime factors of g(0)?
97
Let i = -289 + 9014. What are the prime factors of i?
5, 349
Let g be (-1)/(4/20) + -49. Let a = g + 225. List the prime factors of a.
3, 19
Suppose 29*n - 31*n + 18*n - 2080 = 0. List the prime factors of n.
2, 5, 13
What are the prime factors of 6 - (-1)/(7 + 255648/(-36522))?
3, 677
Let a(x) = x**3 - 10*x**2 + 11*x - 11. Let i be a(9). Let b(z) = 7*z**2 - 16*z + 104. List the prime factors of b(i).
5, 67
Let m = -2034 + 10050. What are the prime factors of m?
2, 3, 167
Suppose n - 6 = 4*k, -7 + 1 = -2*n + 2*k. Let c be (15 - 17)/(n/(-52)). Suppose m - c - 124 = 0. What are the prime factors of m?
2, 11
Let h(l) be the first derivative of -3*l**5/20 + 5*l**4/12 - 5*l**2 - 18*l + 16. Let y(p) be the first derivative of h(p). List the prime facto